{"id":1834,"date":"2021-06-07T08:17:05","date_gmt":"2021-06-07T08:17:05","guid":{"rendered":"https:\/\/dckbbz.hr\/arhiva\/?page_id=1834"},"modified":"2022-04-13T12:18:41","modified_gmt":"2022-04-13T12:18:41","slug":"2017-2","status":"publish","type":"page","link":"https:\/\/dckbbz.hr\/arhiva\/dckbbz\/planovi-i-izvjesca-dckbbz\/2017-2\/","title":{"rendered":"2017."},"content":{"rendered":"<h3><a href=\"https:\/\/dckbbz.hr\/arhiva\/wp-content\/uploads\/2021\/06\/plan-rada-DCK-BBZ-2017.pdf\">PLAN RADA 2017.<\/a><\/h3>\n<h3><a href=\"https:\/\/dckbbz.hr\/arhiva\/wp-content\/uploads\/2021\/06\/Fin.-plan-DCK-BBZ-2017.pdf\">FINANCIJSKI PLAN 2017.<\/a><\/h3>\n<h3><a href=\"https:\/\/dckbbz.hr\/arhiva\/wp-content\/uploads\/2022\/04\/fin.-izvjesce-za-2017.-godinu.pdf\">FINANCIJSKO IZVJE\u0160\u0106E 2017.<\/a><\/h3>\n<h3><a href=\"https:\/\/dckbbz.hr\/arhiva\/wp-content\/uploads\/2022\/02\/izvjesce-dck-bbz-za-2017.pdf\">IZVJE\u0160\u0106E O RADU 2017.<\/a><\/h3>\n<p>&nbsp;<\/p>\n","protected":false},"excerpt":{"rendered":"<p>PLAN RADA 2017. FINANCIJSKI PLAN 2017. FINANCIJSKO IZVJE\u0160\u0106E 2017. IZVJE\u0160\u0106E O RADU 2017. &nbsp;<\/p>\n","protected":false},"author":10,"featured_media":0,"parent":52,"menu_order":0,"comment_status":"closed","ping_status":"closed","template":"","meta":{"ngg_post_thumbnail":0,"footnotes":""},"class_list":["post-1834","page","type-page","status-publish","hentry"],"_links":{"self":[{"href":"https:\/\/dckbbz.hr\/arhiva\/wp-json\/wp\/v2\/pages\/1834","targetHints":{"allow":["GET"]}}],"collection":[{"href":"https:\/\/dckbbz.hr\/arhiva\/wp-json\/wp\/v2\/pages"}],"about":[{"href":"https:\/\/dckbbz.hr\/arhiva\/wp-json\/wp\/v2\/types\/page"}],"author":[{"embeddable":true,"href":"https:\/\/dckbbz.hr\/arhiva\/wp-json\/wp\/v2\/users\/10"}],"replies":[{"embeddable":true,"href":"https:\/\/dckbbz.hr\/arhiva\/wp-json\/wp\/v2\/comments?post=1834"}],"version-history":[{"count":3,"href":"https:\/\/dckbbz.hr\/arhiva\/wp-json\/wp\/v2\/pages\/1834\/revisions"}],"predecessor-version":[{"id":2469,"href":"https:\/\/dckbbz.hr\/arhiva\/wp-json\/wp\/v2\/pages\/1834\/revisions\/2469"}],"up":[{"embeddable":true,"href":"https:\/\/dckbbz.hr\/arhiva\/wp-json\/wp\/v2\/pages\/52"}],"wp:attachment":[{"href":"https:\/\/dckbbz.hr\/arhiva\/wp-json\/wp\/v2\/media?parent=1834"}],"curies":[{"name":"wp","href":"https:\/\/api.w.org\/{rel}","templated":true}]}}