{"id":215,"date":"2017-09-29T18:22:25","date_gmt":"2017-09-29T18:22:25","guid":{"rendered":"https:\/\/dckbbz.hr\/arhiva\/?page_id=215"},"modified":"2023-02-16T09:39:11","modified_gmt":"2023-02-16T09:39:11","slug":"naslovna","status":"publish","type":"page","link":"https:\/\/dckbbz.hr\/arhiva\/","title":{"rendered":"Naslovna"},"content":{"rendered":"<div id=\"pl-gb215-6a0080f48bfeb\"  class=\"panel-layout\" ><div id=\"pg-gb215-6a0080f48bfeb-0\"  class=\"panel-grid panel-no-style\" ><div id=\"pgc-gb215-6a0080f48bfeb-0-0\"  class=\"panel-grid-cell\" ><div><div class=\"tx-blog tx-post-row tx-masonry\"><div class=\"tx-blog-item tx-post-col-3\"><div class=\"tx-border-box\"><div class=\"tx-blog-imgpad\"><\/div><div class=\"tx-post-content\"><h3 class=\"tx-post-title\"><a href=\"https:\/\/dckbbz.hr\/arhiva\/javni-poziv-za-iskaz-interesa-za-ukljucivanje-u-projekt-drustvo-jednakih-mogucnosti-koje-provodi-hck-gdck-osijek-zajedno-s-partnerima\/\">JAVNI POZIV za iskaz interesa za uklju\u010divanje u projekt \u201eDRU\u0160TVO JEDNAKIH MOGU\u0106NOSTI\u201c koje provodi HCK GDCK Osijek zajedno s partnerima<\/a><\/h3><div style=\"height: 16px;\"><\/div><div class=\"tx-blog-content\">Pozivamo vas da se prijavite u projekt \u201eDru\u0161tvo jednakih mogu\u0107nosti\u201c koji obuhva\u0107a pomo\u0107 u obliku paketa hrane i paketa osnovne materijalne pomo\u0107i te razli\u010dite popratne aktivnosti. Projekt provodi HCK GDCK Osijek s&lt;a class=&quot;moretag&quot; href=&quot;https:\/\/dckbbz.hr\/arhiva\/javni-poziv-za-iskaz-interesa-za-ukljucivanje-u-projekt-drustvo-jednakih-mogucnosti-koje-provodi-hck-gdck-osijek-zajedno-s-partnerima\/&quot;&gt;Read More...&lt;\/a&gt;<\/div><div class=\"tx-meta\"><span class=\"tx-author\">By : <a href=\"https:\/\/dckbbz.hr\/arhiva\/author\/ckca\/\">Kristina Orlovi\u0107<\/a><\/span><span class=\"tx-date\"> | o\u017eu 4, 2026<\/span><\/div><\/div><\/div><\/div><div class=\"tx-blog-item tx-post-col-3\"><div class=\"tx-border-box\"><div class=\"tx-blog-imgpad\"><\/div><div class=\"tx-post-content\"><h3 class=\"tx-post-title\"><a href=\"https:\/\/dckbbz.hr\/arhiva\/3451-2\/\">Zdravstvena predavanja u srednjim \u0161kolama<\/a><\/h3><div style=\"height: 16px;\"><\/div><div class=\"tx-blog-content\">\u00a0U mjesecu smo borbe protiv ovisnosti \u2013 prilici da zajedno osvijestimo izazove koje ovisnosti donose pojedincima, obiteljima i zajednici. Ovisnosti poput alkohola, droga i nikotina te nove, moderne ovisnosti poput pretjerane uporabe&lt;a class=&quot;moretag&quot; href=&quot;https:\/\/dckbbz.hr\/arhiva\/3451-2\/&quot;&gt;Read More...&lt;\/a&gt;<\/div><div class=\"tx-meta\"><span class=\"tx-author\">By : <a href=\"https:\/\/dckbbz.hr\/arhiva\/author\/ckbj\/\">Vida Malek<\/a><\/span><span class=\"tx-date\"> | pro 16, 2024<\/span><\/div><\/div><\/div><\/div><div class=\"tx-blog-item tx-post-col-3\"><div class=\"tx-border-box\"><div class=\"tx-blog-imgpad\"><\/div><div class=\"tx-post-content\"><h3 class=\"tx-post-title\"><a href=\"https:\/\/dckbbz.hr\/arhiva\/daruj-s-ljubavlju-djecu-razveseli-igrackom-dekicom-osmijeh-se-dijeli\/\">\u201eDaruj s ljubavlju, djecu razveseli, igra\u010dkom, dekicom \u2013 osmijeh se dijeli !\u201c<\/a><\/h3><div style=\"height: 16px;\"><\/div><div class=\"tx-blog-content\">\u201eDaruj s ljubavlju, djecu razveseli, igra\u010dkom, dekicom \u2013 osmijeh se dijeli !\u201c Dana\u0161nji Me\u0111unarodni dan volontera obilje\u017eili smo uru\u010divanjem prikupljene donacije za Dje\u010dji odjel bjelovarske bolnice pod sloganom \u201eDaruj s ljubavlju, djecu&lt;a class=&quot;moretag&quot; href=&quot;https:\/\/dckbbz.hr\/arhiva\/daruj-s-ljubavlju-djecu-razveseli-igrackom-dekicom-osmijeh-se-dijeli\/&quot;&gt;Read More...&lt;\/a&gt;<\/div><div class=\"tx-meta\"><span class=\"tx-author\">By : <a href=\"https:\/\/dckbbz.hr\/arhiva\/author\/ckbj\/\">Vida Malek<\/a><\/span><span class=\"tx-date\"> | pro 16, 2024<\/span><\/div><\/div><\/div><\/div><div class=\"tx-blog-item tx-post-col-3\"><div class=\"tx-border-box\"><div class=\"tx-blog-imgpad\"><\/div><div class=\"tx-post-content\"><h3 class=\"tx-post-title\"><a href=\"https:\/\/dckbbz.hr\/arhiva\/akcija-solidarnost-na-djelu-2024\/\">Akcija Solidarnost na djelu 2024.<\/a><\/h3><div style=\"height: 16px;\"><\/div><div class=\"tx-blog-content\">Gradsko dru\u0161tvo Crvenog kri\u017ea Bjelovar zavr\u0161ilo je 52. sabirnu akciju Solidarnost na djelu, koja je provedena u Bjelovaru i 8 op\u0107ina, te je ukupno prikupljeno 11.664,91 eura. U Akciji su sudjelovali u\u010denici&lt;a class=&quot;moretag&quot; href=&quot;https:\/\/dckbbz.hr\/arhiva\/akcija-solidarnost-na-djelu-2024\/&quot;&gt;Read More...&lt;\/a&gt;<\/div><div class=\"tx-meta\"><span class=\"tx-author\">By : <a href=\"https:\/\/dckbbz.hr\/arhiva\/author\/ckbj\/\">Vida Malek<\/a><\/span><span class=\"tx-date\"> | pro 16, 2024<\/span><\/div><\/div><\/div><\/div><div class=\"tx-blog-item tx-post-col-3\"><div class=\"tx-border-box\"><div class=\"tx-blog-imgpad\"><\/div><div class=\"tx-post-content\"><h3 class=\"tx-post-title\"><a href=\"https:\/\/dckbbz.hr\/arhiva\/skupstina-dck-bbz-2\/\">Skup\u0161tina DCK BB\u017d<\/a><\/h3><div style=\"height: 16px;\"><\/div><div class=\"tx-blog-content\">DCK BB\u017d odr\u017ealo je 7. sjednicu Skup\u0161tine dru\u0161tva. Na sjednici je usvojen Program rada i Financijski plan dru\u0161tva za 2025. godinu, te i Odluka o broju i sastavu Skup\u0161tine dru\u0161tva u mandatu&lt;a class=&quot;moretag&quot; href=&quot;https:\/\/dckbbz.hr\/arhiva\/skupstina-dck-bbz-2\/&quot;&gt;Read More...&lt;\/a&gt;<\/div><div class=\"tx-meta\"><span class=\"tx-author\">By : <a href=\"https:\/\/dckbbz.hr\/arhiva\/author\/ckga\/\">Melita Lozina<\/a><\/span><span class=\"tx-date\"> | pro 12, 2024<\/span><\/div><\/div><\/div><\/div><div class=\"tx-blog-item tx-post-col-3\"><div class=\"tx-border-box\"><div class=\"tx-blog-imgpad\"><\/div><div class=\"tx-post-content\"><h3 class=\"tx-post-title\"><a href=\"https:\/\/dckbbz.hr\/arhiva\/solidarnost-na-djelu-2024\/\">&#8220;Solidarnost na djelu 2024&#8221;<\/a><\/h3><div style=\"height: 16px;\"><\/div><div class=\"tx-blog-content\">Crveni kri\u017e Gare\u0161nica proveo je, u suradnji sa partnerima 52. sabirnu akciju &#8221; Solidarnost na djelu 2024&#8242;&#8221;. Ukupno smo prikupili:= 8. 769,68 eura. Odlukom Odbora GDCK Gare\u0161nica dio sredstava biti \u0107e utro\u0161ena&lt;a class=&quot;moretag&quot; href=&quot;https:\/\/dckbbz.hr\/arhiva\/solidarnost-na-djelu-2024\/&quot;&gt;Read More...&lt;\/a&gt;<\/div><div class=\"tx-meta\"><span class=\"tx-author\">By : <a href=\"https:\/\/dckbbz.hr\/arhiva\/author\/ckga\/\">Melita Lozina<\/a><\/span><span class=\"tx-date\"> | stu 7, 2024<\/span><\/div><\/div><\/div><\/div><\/div><div class=\"nx-paging\"><div class=\"nx-paging-inner\"><span aria-current=\"page\" class=\"page-numbers current\">1<\/span>\n<a class=\"page-numbers\" href=\"https:\/\/dckbbz.hr\/arhiva\/wp-json\/wp\/v2\/pages\/215\/page\/2\/\">2<\/a>\n<a class=\"page-numbers\" href=\"https:\/\/dckbbz.hr\/arhiva\/wp-json\/wp\/v2\/pages\/215\/page\/3\/\">3<\/a>\n<span class=\"page-numbers dots\">&hellip;<\/span>\n<a class=\"page-numbers\" href=\"https:\/\/dckbbz.hr\/arhiva\/wp-json\/wp\/v2\/pages\/215\/page\/27\/\">27<\/a>\n<a class=\"next page-numbers\" href=\"https:\/\/dckbbz.hr\/arhiva\/wp-json\/wp\/v2\/pages\/215\/page\/2\/\">&raquo;<\/a><\/div><\/div><\/div><\/div><\/div><\/div>","protected":false},"excerpt":{"rendered":"","protected":false},"author":3,"featured_media":0,"parent":0,"menu_order":0,"comment_status":"closed","ping_status":"closed","template":"","meta":{"ngg_post_thumbnail":0,"footnotes":""},"class_list":["post-215","page","type-page","status-publish","hentry"],"_links":{"self":[{"href":"https:\/\/dckbbz.hr\/arhiva\/wp-json\/wp\/v2\/pages\/215","targetHints":{"allow":["GET"]}}],"collection":[{"href":"https:\/\/dckbbz.hr\/arhiva\/wp-json\/wp\/v2\/pages"}],"about":[{"href":"https:\/\/dckbbz.hr\/arhiva\/wp-json\/wp\/v2\/types\/page"}],"author":[{"embeddable":true,"href":"https:\/\/dckbbz.hr\/arhiva\/wp-json\/wp\/v2\/users\/3"}],"replies":[{"embeddable":true,"href":"https:\/\/dckbbz.hr\/arhiva\/wp-json\/wp\/v2\/comments?post=215"}],"version-history":[{"count":36,"href":"https:\/\/dckbbz.hr\/arhiva\/wp-json\/wp\/v2\/pages\/215\/revisions"}],"predecessor-version":[{"id":2911,"href":"https:\/\/dckbbz.hr\/arhiva\/wp-json\/wp\/v2\/pages\/215\/revisions\/2911"}],"wp:attachment":[{"href":"https:\/\/dckbbz.hr\/arhiva\/wp-json\/wp\/v2\/media?parent=215"}],"curies":[{"name":"wp","href":"https:\/\/api.w.org\/{rel}","templated":true}]}}