{"id":43,"date":"2025-05-28T21:21:28","date_gmt":"2025-05-28T19:21:28","guid":{"rendered":"https:\/\/dckbbz.hr\/gdck-bjelovar\/?page_id=43"},"modified":"2025-06-10T21:23:41","modified_gmt":"2025-06-10T19:23:41","slug":"planovi-izvjesca","status":"publish","type":"page","link":"https:\/\/dckbbz.hr\/gdck-bjelovar\/planovi-izvjesca\/","title":{"rendered":"Planovi i izvje\u0161\u0107a &#8211; GDCK Bjelovar"},"content":{"rendered":"\t\t<div data-elementor-type=\"wp-page\" data-elementor-id=\"43\" class=\"elementor elementor-43\">\n\t\t\t\t<div class=\"elementor-element elementor-element-7fd3023 e-flex e-con-boxed e-con e-parent\" data-id=\"7fd3023\" data-element_type=\"container\" data-e-type=\"container\">\n\t\t\t\t\t<div class=\"e-con-inner\">\n\t\t\t\t<div class=\"elementor-element elementor-element-273484d elementor-widget elementor-widget-text-editor\" data-id=\"273484d\" data-element_type=\"widget\" data-e-type=\"widget\" data-widget_type=\"text-editor.default\">\n\t\t\t\t<div class=\"elementor-widget-container\">\n\t\t\t\t\t\t\t\t\tKliknite na redak kako bi se prikazale informacije.\t\t\t\t\t\t\t\t<\/div>\n\t\t\t\t<\/div>\n\t\t\t\t<div class=\"elementor-element elementor-element-ced43b1 elementor-widget elementor-widget-shortcode\" data-id=\"ced43b1\" data-element_type=\"widget\" data-e-type=\"widget\" data-widget_type=\"shortcode.default\">\n\t\t\t\t<div class=\"elementor-widget-container\">\n\t\t\t\t\t\t\t<div class=\"elementor-shortcode\"><div class=\"pa-accordion\">\n            <div class=\"pa-accordion-item\">\n                <button class=\"pa-toggle\" data-target=\"pa-content-363\">2025.<\/button>\n                <div id=\"pa-content-363\" class=\"pa-content\" style=\"display:none;\">\n                    \n<ul class=\"wp-block-list\">\n<li><a href=\"https:\/\/dckbbz.hr\/gdck-bjelovar\/wp-content\/uploads\/sites\/2\/2025\/11\/Upitnik-o-funkcioniranju-sustava-financijskog-upravljanja-i-kontrola-za-2024.-godinu-1.pdf\" data-type=\"attachment\" data-id=\"377\">Upitnik o funkcioniranju sustava financijskog upravljanja i kontrola za 2024. godinu<\/a><\/li>\n\n\n\n<li><a href=\"https:\/\/dckbbz.hr\/gdck-bjelovar\/wp-content\/uploads\/sites\/2\/2025\/11\/Financijski-izvjestaj-za-2025.-godinu.pdf\" data-type=\"attachment\" data-id=\"371\">Financijski izvje\u0161taj za 2024. godinu<\/a><\/li>\n\n\n\n<li><a href=\"https:\/\/dckbbz.hr\/gdck-bjelovar\/wp-content\/uploads\/sites\/2\/2025\/11\/IIzvjestaj-o-radu-za-2024.pdf\" data-type=\"attachment\" data-id=\"381\">Izvje\u0161taj o radu za 2025. godinu<\/a><\/li>\n<\/ul>\n\n\n\n<p><\/p>\n\n                <\/div>\n            <\/div>\n            <div class=\"pa-accordion-item\">\n                <button class=\"pa-toggle\" data-target=\"pa-content-63\">2024.<\/button>\n                <div id=\"pa-content-63\" class=\"pa-content\" style=\"display:none;\">\n                    \n<ul class=\"wp-block-list\">\n<li><a href=\"https:\/\/dckbbz.hr\/gdck-bjelovar\/wp-content\/uploads\/sites\/2\/2025\/05\/Upitnik-o-funcioniranju-za-2023.pdf\" data-type=\"attachment\" data-id=\"103\" target=\"_blank\" rel=\"noreferrer noopener\">Upitnik o funcioniranju sustava financijskog upravljanja i kontrola za 2023.<\/a><\/li>\n\n\n\n<li><a href=\"https:\/\/dckbbz.hr\/gdck-bjelovar\/wp-content\/uploads\/sites\/2\/2025\/05\/Izvjesce-Nadzornog-odbora-za-2023.-godinu.pdf\" data-type=\"attachment\" data-id=\"101\" target=\"_blank\" rel=\"noreferrer noopener\">Izvje\u0161\u0107e Nadzornog odbora za 2023. godinu<\/a><\/li>\n\n\n\n<li><a href=\"https:\/\/dckbbz.hr\/gdck-bjelovar\/wp-content\/uploads\/sites\/2\/2025\/05\/Izvjestaj-o-radu-GDCK-Bjelovar-za-2023.-godinu.pdf\" data-type=\"attachment\" data-id=\"102\" target=\"_blank\" rel=\"noreferrer noopener\">Izvje\u0161taj o radu GDCK Bjelovar za 2023. godinu<\/a><\/li>\n\n\n\n<li><a href=\"https:\/\/dckbbz.hr\/gdck-bjelovar\/wp-content\/uploads\/sites\/2\/2025\/05\/Financijski-izvjestaj-sa-31.12.2023.-godine.pdf\" data-type=\"attachment\" data-id=\"100\" target=\"_blank\" rel=\"noreferrer noopener\">Financijski izvje\u0161taj sa 31.12.2023. godine<\/a><\/li>\n\n\n\n<li><a href=\"https:\/\/dckbbz.hr\/gdck-bjelovar\/wp-content\/uploads\/sites\/2\/2025\/05\/Program-rada-za-2025-2.pdf\" data-type=\"attachment\" data-id=\"365\" target=\"_blank\" rel=\"noreferrer noopener\">Program rada za 2025. godinu<\/a><\/li>\n\n\n\n<li><a href=\"https:\/\/dckbbz.hr\/gdck-bjelovar\/wp-content\/uploads\/sites\/2\/2025\/11\/Financijski-plan-za-2025.pdf\" data-type=\"attachment\" data-id=\"372\">Financijski plan za 2025. godinu<\/a><\/li>\n\n\n\n<li><a href=\"https:\/\/dckbbz.hr\/gdck-bjelovar\/wp-content\/uploads\/sites\/2\/2025\/11\/Plan-nabave-za-2025.pdf\" data-type=\"attachment\" data-id=\"373\">Plan nabave za 2025. godinu<\/a><\/li>\n\n\n\n<li><a href=\"https:\/\/dckbbz.hr\/gdck-bjelovar\/wp-content\/uploads\/sites\/2\/2025\/11\/Izmjene-i-dopune-financijskog-izvjestaja-za-2024.-godinu.pdf\" data-type=\"attachment\" data-id=\"374\">Izmjene i dopune financijskog izvje\u0161taja za 2024. godinu<\/a><\/li>\n<\/ul>\n\n\n\n<p><\/p>\n\n                <\/div>\n            <\/div>\n            <div class=\"pa-accordion-item\">\n                <button class=\"pa-toggle\" data-target=\"pa-content-62\">2023.<\/button>\n                <div id=\"pa-content-62\" class=\"pa-content\" style=\"display:none;\">\n                    \n<ul class=\"wp-block-list\">\n<li><a href=\"https:\/\/dckbbz.hr\/gdck-bjelovar\/wp-content\/uploads\/sites\/2\/2025\/05\/Upitnik-o-funkcioniranju-sustava-financijskog-upravljanja-i-kontrola-za-2022.-godinu.pdf\" data-type=\"attachment\" data-id=\"98\" target=\"_blank\" rel=\"noreferrer noopener\">Upitnik o funkcioniranju sustava financijskog upravljanja i kontrola za 2022. godinu<\/a><\/li>\n\n\n\n<li><a href=\"https:\/\/dckbbz.hr\/gdck-bjelovar\/wp-content\/uploads\/sites\/2\/2025\/05\/izvjesce-o-radu-za-2022.pdf\" data-type=\"attachment\" data-id=\"94\" target=\"_blank\" rel=\"noreferrer noopener\">Izvje\u0161\u0107e o radu GDCK Bjelovar za 2022. godinu<\/a><\/li>\n\n\n\n<li><a href=\"https:\/\/dckbbz.hr\/gdck-bjelovar\/wp-content\/uploads\/sites\/2\/2025\/05\/Izvjestaj-Nadzornog-odbora-za-2022.-godinu.pdf\" data-type=\"attachment\" data-id=\"95\" target=\"_blank\" rel=\"noreferrer noopener\">Izvje\u0161taj Nadzornog odbora za 2022. godinu<\/a><\/li>\n\n\n\n<li><a href=\"https:\/\/dckbbz.hr\/gdck-bjelovar\/wp-content\/uploads\/sites\/2\/2025\/05\/Finanicjski-izvjestaj-za-2022.-godinu.pdf\" data-type=\"attachment\" data-id=\"92\" target=\"_blank\" rel=\"noreferrer noopener\">Financijski izvje\u0161taj za 2022. godinu<\/a><\/li>\n\n\n\n<li><a href=\"https:\/\/dckbbz.hr\/gdck-bjelovar\/wp-content\/uploads\/sites\/2\/2025\/05\/Plan-nabave-za-2024.-godinu.pdf\" data-type=\"attachment\" data-id=\"96\" target=\"_blank\" rel=\"noreferrer noopener\">Plan nabave za 2024. godinu<\/a><\/li>\n\n\n\n<li><a href=\"https:\/\/dckbbz.hr\/gdck-bjelovar\/wp-content\/uploads\/sites\/2\/2025\/05\/Izmjene-i-dopune-financijskog-izvjestaja-za-2023.-godinu.pdf\" data-type=\"attachment\" data-id=\"93\" target=\"_blank\" rel=\"noreferrer noopener\">Izmjene i dopune financijskog izvje\u0161taja za 2023. godinu<\/a><\/li>\n\n\n\n<li><a href=\"https:\/\/dckbbz.hr\/gdck-bjelovar\/wp-content\/uploads\/sites\/2\/2025\/05\/Program-rada-za-2024.-godinu.pdf\" data-type=\"attachment\" data-id=\"97\" target=\"_blank\" rel=\"noreferrer noopener\">Program rada za 2024. godinu<\/a><\/li>\n\n\n\n<li><a href=\"https:\/\/dckbbz.hr\/gdck-bjelovar\/wp-content\/uploads\/sites\/2\/2025\/05\/Financijski-plan-za-2024.-godinu.pdf\" data-type=\"attachment\" data-id=\"91\" target=\"_blank\" rel=\"noreferrer noopener\">Financijski plan za 2024. godinu<\/a><\/li>\n<\/ul>\n\n\n\n<p><\/p>\n\n                <\/div>\n            <\/div>\n            <div class=\"pa-accordion-item\">\n                <button class=\"pa-toggle\" data-target=\"pa-content-61\">2022.<\/button>\n                <div id=\"pa-content-61\" class=\"pa-content\" style=\"display:none;\">\n                    \n<ul class=\"wp-block-list\">\n<li><a href=\"https:\/\/dckbbz.hr\/gdck-bjelovar\/wp-content\/uploads\/sites\/2\/2025\/05\/Upitnik-o-funkcioniranju-sustava-financijskog-upravljanja-i-kontrola-za-2021.pdf\" data-type=\"attachment\" data-id=\"89\" target=\"_blank\" rel=\"noreferrer noopener\">Upitnik o funkcioniranju sustava financijskog upravljanja i kontrola za 2021. godinu<\/a><\/li>\n\n\n\n<li><a href=\"https:\/\/dckbbz.hr\/gdck-bjelovar\/wp-content\/uploads\/sites\/2\/2025\/05\/Financijski-izvjestaj-za-2021.-godinu.pdf\" data-type=\"attachment\" data-id=\"82\" target=\"_blank\" rel=\"noreferrer noopener\">Financijski izvje\u0161taj za 2021. godinu<\/a><\/li>\n\n\n\n<li><a href=\"https:\/\/dckbbz.hr\/gdck-bjelovar\/wp-content\/uploads\/sites\/2\/2025\/05\/Izvjestaj-o-radu-GDCK-Bjelovar-za-2021.-godinu.pdf\" data-type=\"attachment\" data-id=\"86\" target=\"_blank\" rel=\"noreferrer noopener\">Izvje\u0161taj o radu GDCK Bjelovar za 2021.godinu<\/a><\/li>\n\n\n\n<li><a href=\"https:\/\/dckbbz.hr\/gdck-bjelovar\/wp-content\/uploads\/sites\/2\/2025\/05\/Izvjesce-Nadzornog-odbora-za-2021.-godinu.pdf\" data-type=\"attachment\" data-id=\"85\" target=\"_blank\" rel=\"noreferrer noopener\">Izvje\u0161\u0107e Nadzornog odbora za 2021. godinu<\/a><\/li>\n\n\n\n<li><a href=\"https:\/\/dckbbz.hr\/gdck-bjelovar\/wp-content\/uploads\/sites\/2\/2025\/05\/Program-rada-za-2023.-godinu.pdf\" data-type=\"attachment\" data-id=\"88\" target=\"_blank\" rel=\"noreferrer noopener\">Program rada za 2023. godinu<\/a><\/li>\n\n\n\n<li><a href=\"https:\/\/dckbbz.hr\/gdck-bjelovar\/wp-content\/uploads\/sites\/2\/2025\/05\/Plan-nabave-za-2023.-godinu.pdf\" data-type=\"attachment\" data-id=\"87\" target=\"_blank\" rel=\"noreferrer noopener\">Plan nabave za 2023. godinu<\/a><\/li>\n\n\n\n<li><a href=\"https:\/\/dckbbz.hr\/gdck-bjelovar\/wp-content\/uploads\/sites\/2\/2025\/05\/Financijski-plan-za-2023.-godinu.pdf\" data-type=\"attachment\" data-id=\"83\" target=\"_blank\" rel=\"noreferrer noopener\">Financijski plan za 2023. godinu<\/a><\/li>\n\n\n\n<li><a href=\"https:\/\/dckbbz.hr\/gdck-bjelovar\/wp-content\/uploads\/sites\/2\/2025\/05\/Izmjene-i-dopune-financijskog-izvjestaja-za-2022.-godinu.pdf\" data-type=\"attachment\" data-id=\"84\" target=\"_blank\" rel=\"noreferrer noopener\">Izmjene i dopune financijskog izvje\u0161taja za 2022. godinu<\/a><\/li>\n<\/ul>\n\n\n\n<p><\/p>\n\n                <\/div>\n            <\/div>\n            <div class=\"pa-accordion-item\">\n                <button class=\"pa-toggle\" data-target=\"pa-content-60\">2021.<\/button>\n                <div id=\"pa-content-60\" class=\"pa-content\" style=\"display:none;\">\n                    \n<ul class=\"wp-block-list\">\n<li><a href=\"https:\/\/dckbbz.hr\/gdck-bjelovar\/wp-content\/uploads\/sites\/2\/2025\/05\/Izvjesce-o-radu-Gradskog-drustva-Crvenog-kriza-Bjelovar-za-2020.-godinu.pdf\" data-type=\"attachment\" data-id=\"76\" target=\"_blank\" rel=\"noreferrer noopener\">Izvje\u0161\u0107e o radu Gradskog dru\u0161tva Crvenog kri\u017ea Bjelovar za 2020. godinu<\/a><\/li>\n\n\n\n<li><a href=\"https:\/\/dckbbz.hr\/gdck-bjelovar\/wp-content\/uploads\/sites\/2\/2025\/05\/Izvjesce-Nadzornog-odbora-za-2020.-godinu.pdf\" data-type=\"attachment\" data-id=\"75\" target=\"_blank\" rel=\"noreferrer noopener\">Izvje\u0161\u0107e Nadzornog odbora za 2020. godinu<\/a><\/li>\n\n\n\n<li><a href=\"https:\/\/dckbbz.hr\/gdck-bjelovar\/wp-content\/uploads\/sites\/2\/2025\/05\/Upitnik-o-funkcioniranju-sustava-financijskog-upravljanja-i-kontrola-za-2020.-godinu.pdf\" data-type=\"attachment\" data-id=\"80\" target=\"_blank\" rel=\"noreferrer noopener\">Upitnik o funkcioniranju sustava financijskog upravljanja i kontrola za 2020. godinu<\/a><\/li>\n\n\n\n<li><a href=\"https:\/\/dckbbz.hr\/gdck-bjelovar\/wp-content\/uploads\/sites\/2\/2025\/05\/financijski-izvjestaj-za-2020.pdf\" data-type=\"attachment\" data-id=\"72\" target=\"_blank\" rel=\"noreferrer noopener\">Financijski izvje\u0161taj za 2020. godinu<\/a><\/li>\n\n\n\n<li><a href=\"https:\/\/dckbbz.hr\/gdck-bjelovar\/wp-content\/uploads\/sites\/2\/2025\/05\/Plan-nabave-za-2022.-godinu.pdf\" data-type=\"attachment\" data-id=\"78\" target=\"_blank\" rel=\"noreferrer noopener\">Plan nabave za 2022. godinu<\/a><\/li>\n\n\n\n<li><a href=\"https:\/\/dckbbz.hr\/gdck-bjelovar\/wp-content\/uploads\/sites\/2\/2025\/05\/Izmjene-i-dopune-financijskog-plana-za-2021.pdf\" data-type=\"attachment\" data-id=\"74\" target=\"_blank\" rel=\"noreferrer noopener\">Izmjene i dopune financijskog plana za 2021. godinu<\/a><\/li>\n\n\n\n<li><a href=\"https:\/\/dckbbz.hr\/gdck-bjelovar\/wp-content\/uploads\/sites\/2\/2025\/05\/Program-rada-za-2022.-godinu.pdf\" data-type=\"attachment\" data-id=\"79\" target=\"_blank\" rel=\"noreferrer noopener\">Program rada za 2022. godinu<\/a><\/li>\n\n\n\n<li><a href=\"https:\/\/dckbbz.hr\/gdck-bjelovar\/wp-content\/uploads\/sites\/2\/2025\/05\/Financijski-plan-za-2022.-godinu.pdf\" data-type=\"attachment\" data-id=\"73\" target=\"_blank\" rel=\"noreferrer noopener\">Financijski plan za 2022. godinu<\/a><\/li>\n<\/ul>\n\n\n\n<p><\/p>\n\n                <\/div>\n            <\/div>\n            <div class=\"pa-accordion-item\">\n                <button class=\"pa-toggle\" data-target=\"pa-content-59\">2020.<\/button>\n                <div id=\"pa-content-59\" class=\"pa-content\" style=\"display:none;\">\n                    \n<ul class=\"wp-block-list\">\n<li><a href=\"https:\/\/dckbbz.hr\/gdck-bjelovar\/wp-content\/uploads\/sites\/2\/2025\/05\/Izvjesce-Nadzornog-odbora.pdf\" data-type=\"attachment\" data-id=\"66\" target=\"_blank\" rel=\"noreferrer noopener\">Izvje\u0161\u0107e Nadzornog odbora za 2019. godinu<\/a><\/li>\n\n\n\n<li><a href=\"https:\/\/dckbbz.hr\/gdck-bjelovar\/wp-content\/uploads\/sites\/2\/2025\/05\/Izvjestaj-o-radu-za-2019.-godinu.pdf\" data-type=\"attachment\" data-id=\"67\" target=\"_blank\" rel=\"noreferrer noopener\">Izvje\u0161taj o radu za 2019. godinu<\/a><\/li>\n\n\n\n<li><a href=\"https:\/\/dckbbz.hr\/gdck-bjelovar\/wp-content\/uploads\/sites\/2\/2025\/05\/Financijski-izvjestaj-za-2019.-godinu.pdf\" data-type=\"attachment\" data-id=\"64\" target=\"_blank\" rel=\"noreferrer noopener\">Financijski izvje\u0161taj za 2019. godinu<\/a><\/li>\n\n\n\n<li><a href=\"https:\/\/dckbbz.hr\/gdck-bjelovar\/wp-content\/uploads\/sites\/2\/2025\/05\/Upitnik-o-funkcioniranju-sustava-financijskog-upravljanja-i-kontrola-za-2019.-godinu.pdf\" data-type=\"attachment\" data-id=\"70\" target=\"_blank\" rel=\"noreferrer noopener\">Upitnik o funkcioniranju sustava financijskog upravljanja i kontrola za 2019. godinu<\/a><\/li>\n\n\n\n<li><a href=\"https:\/\/dckbbz.hr\/gdck-bjelovar\/wp-content\/uploads\/sites\/2\/2025\/05\/Program-rada-Gradskog-drustva-Crvenog-kriza-za-2021.-godinu-1.pdf\" data-type=\"attachment\" data-id=\"69\" target=\"_blank\" rel=\"noreferrer noopener\">Program rada Gradskog dru\u0161tva Crvenog kri\u017ea za 2021. godinu<\/a><\/li>\n\n\n\n<li><a href=\"https:\/\/dckbbz.hr\/gdck-bjelovar\/wp-content\/uploads\/sites\/2\/2025\/05\/Financijski-izvjestaj-za-2019.-godinu.pdf\" data-type=\"attachment\" data-id=\"64\" target=\"_blank\" rel=\"noreferrer noopener\">Financijski plan za 2021. godinu<\/a><\/li>\n\n\n\n<li><a href=\"https:\/\/dckbbz.hr\/gdck-bjelovar\/wp-content\/uploads\/sites\/2\/2025\/05\/Plan-nabave-za-2021.-godinu.pdf\" data-type=\"attachment\" data-id=\"68\" target=\"_blank\" rel=\"noreferrer noopener\">Plan nabave za 2021. godinu<\/a><\/li>\n<\/ul>\n\n\n\n<p><\/p>\n\n                <\/div>\n            <\/div><\/div><\/div>\n\t\t\t\t\t\t<\/div>\n\t\t\t\t<\/div>\n\t\t\t\t\t<\/div>\n\t\t\t\t<\/div>\n\t\t\t\t<\/div>\n\t\t","protected":false},"excerpt":{"rendered":"<p>Kliknite na redak kako bi se prikazale informacije.<\/p>\n","protected":false},"author":1,"featured_media":0,"parent":0,"menu_order":0,"comment_status":"closed","ping_status":"closed","template":"elementor_header_footer","meta":{"ocean_post_layout":"","ocean_both_sidebars_style":"","ocean_both_sidebars_content_width":0,"ocean_both_sidebars_sidebars_width":0,"ocean_sidebar":"","ocean_second_sidebar":"","ocean_disable_margins":"enable","ocean_add_body_class":"","ocean_shortcode_before_top_bar":"","ocean_shortcode_after_top_bar":"","ocean_shortcode_before_header":"","ocean_shortcode_after_header":"","ocean_has_shortcode":"","ocean_shortcode_after_title":"","ocean_shortcode_before_footer_widgets":"","ocean_shortcode_after_footer_widgets":"","ocean_shortcode_before_footer_bottom":"","ocean_shortcode_after_footer_bottom":"","ocean_display_top_bar":"default","ocean_display_header":"default","ocean_header_style":"","ocean_center_header_left_menu":"","ocean_custom_header_template":"","ocean_custom_logo":0,"ocean_custom_retina_logo":0,"ocean_custom_logo_max_width":0,"ocean_custom_logo_tablet_max_width":0,"ocean_custom_logo_mobile_max_width":0,"ocean_custom_logo_max_height":0,"ocean_custom_logo_tablet_max_height":0,"ocean_custom_logo_mobile_max_height":0,"ocean_header_custom_menu":"","ocean_menu_typo_font_family":"","ocean_menu_typo_font_subset":"","ocean_menu_typo_font_size":0,"ocean_menu_typo_font_size_tablet":0,"ocean_menu_typo_font_size_mobile":0,"ocean_menu_typo_font_size_unit":"px","ocean_menu_typo_font_weight":"","ocean_menu_typo_font_weight_tablet":"","ocean_menu_typo_font_weight_mobile":"","ocean_menu_typo_transform":"","ocean_menu_typo_transform_tablet":"","ocean_menu_typo_transform_mobile":"","ocean_menu_typo_line_height":0,"ocean_menu_typo_line_height_tablet":0,"ocean_menu_typo_line_height_mobile":0,"ocean_menu_typo_line_height_unit":"","ocean_menu_typo_spacing":0,"ocean_menu_typo_spacing_tablet":0,"ocean_menu_typo_spacing_mobile":0,"ocean_menu_typo_spacing_unit":"","ocean_menu_link_color":"","ocean_menu_link_color_hover":"","ocean_menu_link_color_active":"","ocean_menu_link_background":"","ocean_menu_link_hover_background":"","ocean_menu_link_active_background":"","ocean_menu_social_links_bg":"","ocean_menu_social_hover_links_bg":"","ocean_menu_social_links_color":"","ocean_menu_social_hover_links_color":"","ocean_disable_title":"default","ocean_disable_heading":"default","ocean_post_title":"","ocean_post_subheading":"","ocean_post_title_style":"","ocean_post_title_background_color":"","ocean_post_title_background":0,"ocean_post_title_bg_image_position":"","ocean_post_title_bg_image_attachment":"","ocean_post_title_bg_image_repeat":"","ocean_post_title_bg_image_size":"","ocean_post_title_height":0,"ocean_post_title_bg_overlay":0.5,"ocean_post_title_bg_overlay_color":"","ocean_disable_breadcrumbs":"default","ocean_breadcrumbs_color":"","ocean_breadcrumbs_separator_color":"","ocean_breadcrumbs_links_color":"","ocean_breadcrumbs_links_hover_color":"","ocean_display_footer_widgets":"default","ocean_display_footer_bottom":"default","ocean_custom_footer_template":"","footnotes":""},"class_list":["post-43","page","type-page","status-publish","hentry","entry"],"_links":{"self":[{"href":"https:\/\/dckbbz.hr\/gdck-bjelovar\/wp-json\/wp\/v2\/pages\/43","targetHints":{"allow":["GET"]}}],"collection":[{"href":"https:\/\/dckbbz.hr\/gdck-bjelovar\/wp-json\/wp\/v2\/pages"}],"about":[{"href":"https:\/\/dckbbz.hr\/gdck-bjelovar\/wp-json\/wp\/v2\/types\/page"}],"author":[{"embeddable":true,"href":"https:\/\/dckbbz.hr\/gdck-bjelovar\/wp-json\/wp\/v2\/users\/1"}],"replies":[{"embeddable":true,"href":"https:\/\/dckbbz.hr\/gdck-bjelovar\/wp-json\/wp\/v2\/comments?post=43"}],"version-history":[{"count":2,"href":"https:\/\/dckbbz.hr\/gdck-bjelovar\/wp-json\/wp\/v2\/pages\/43\/revisions"}],"predecessor-version":[{"id":304,"href":"https:\/\/dckbbz.hr\/gdck-bjelovar\/wp-json\/wp\/v2\/pages\/43\/revisions\/304"}],"wp:attachment":[{"href":"https:\/\/dckbbz.hr\/gdck-bjelovar\/wp-json\/wp\/v2\/media?parent=43"}],"curies":[{"name":"wp","href":"https:\/\/api.w.org\/{rel}","templated":true}]}}